k - 52. Suppose 10 = -5*d, -4*l - 2*d + 1 + z = 0. Let g(i) = i + 2. Give g(l).
6
Let z(p) = 5*p**2 - 2*p**2 + 51325*p - 102643*p - 10 + 51321*p. Calculate z(-4).
26
Let c(b) = b**3 + 5*b**2 + 2*b + 1. Suppose 0 = 3*g - 4*i + 36, 6*g + 4*i - 44 = 11*g. Calculate c(g).
9
Let m(z) = 180 - 176 + 235*z + 2*z - 80*z**2. What is m(3)?
-5
Let g(f) be the third derivative of f**4/3 - 25*f**3/6 + 387*f**2 + 2*f - 1. What is g(11)?
63
Let r(i) be the first derivative of -i**4/4 - 17*i**3/3 - 11*i**2/2 + 18*i + 538. Determine r(-16).
-62
Let g(u) = -4*u**3 + 5*u**2 + 3*u - 2. Let b be g(-1). Suppose -b*q - 18 = 2*s, 2*q + 0*q - 11 = 3*s. Let d(v) = v**2 - v. What is d(q)?
6
Let a(s) = -s**2 - 9*s + 45 + 57 + 48 - 159 + 2*s**2. Suppose 3*u - 9 - 6 = 0. Suppose -n + 30 = 4*o, -o = 2*o - u*n - 34. Determine a(o).
-17
Let r(d) = -14*d - 91. Let s be r(-6). Let f(w) = -5*w**2 + 7*w + 3. Let l(b) = -8*b**2 + 13*b + 5. Let o(i) = s*f(i) + 4*l(i). Calculate o(3).
35
Let z(s) = -13*s + 1. Let f(x) = -66*x - 9. Let r(n) = f(n) - 5*z(n). Suppose y = -4*y - 35. Calculate r(y).
-7
Let y be (-3985 - -3985)*((-2)/(-3) + (-7)/6). Let d(u) = -4 - u + 12 + 17. What is d(y)?
25
Suppose 0 = 135*z - 230*z - 260*z + 710. Let m(n) = -2*n**2 + 7*n - 10. Give m(z).
-4
Let a(l) be the first derivative of -3*l**2/2 + 31*l - 1235. Give a(10).
1
Let q(t) = -4 - 337*t + 6 + 341*t. Let w = 59 + -82. Let o = w + 20. What is q(o)?
-10
Let l(a) be the second derivative of 2/3*a**3 + 2*a**2 - 1 + 49*a + 1/20*a**5 - 1/2*a**4. Determine l(5).
-1
Let v = 200 + -199. Let m(r) = -2*r - 4. Determine m(v).
-6
Let o(u) = -4*u**2 - 5*u - 5. Let r(f) = f**2 - 10*f + 11*f + 0 + 1. Let z(y) = -o(y) - 5*r(y). Let s(i) = -i**2 + 14*i + 33. Let w be s(16). Give z(w).
-1
Let f(u) = -3*u - 2. Let g be (2 + 3/(-3))*-1 - -5. Suppose 12 = 2*o + g. Suppose -3*v = o*s - 1 + 2, -5*s - 3*v - 5 = 0. Give f(s).
10
Suppose -70 = 23221*q - 23214*q. Let o(a) = -a - 27. Give o(q).
-17
Let b(n) = n - 8. Let o be (3/6)/((9/26)/9). Suppose -2*p + 4*p - 5*q - o = 0, -p = -4*q - 8. What is b(p)?
-4
Let z(u) = -u**2 + 6*u + 5. Suppose 3*b + 4*l + 4 = 66, -58 = -3*b - 2*l. Suppose -b = -4*o + r + 7, 0 = -o - 3*r + 3. What is z(o)?
5
Let l(o) = 3*o + 130. Let h(z) = -2*z - 148. Let g(x) = 7*h(x) + 8*l(x). Determine g(1).
14
Let b(g) = -g - 10. Let s(o) = -o**2 + 11*o - 12. Let w be s(9). Let r(y) be the first derivative of -3*y**2/2 + 11*y + 3. Let z be r(w). Calculate b(z).
-3
Let n(w) = -25*w + 13. Let k(l) = -17*l + 9. Let a(s) = -7*k(s) + 5*n(s). Let q(x) = 3*x - 33. Suppose -12*i + 72 = -6*i. Let p be q(i). Determine a(p).
-16
Let u(a) = -3*a + 19. Let h be u(5). Let p(l) = 2*l + 10 + l**2 - 4 - h + 5*l. Calculate p(-8).
10
Let i(t) be the second derivative of t**3/6 - 9*t**2/2 + 846*t. Calculate i(16).
7
Let x = -18645 - -18660. Let a(v) = 2*v**3 - 30*v**2 - 3*v + 52. What is a(x)?
7
Let t(g) = g + 10. Suppose 0 = 489*p + 54*p + 4344. What is t(p)?
2
Let l(j) = -321*j - 2545. Let u be l(-8). Let h(o) = 2*o - 66. What is h(u)?
-20
Let i(f) be the first derivative of 75*f**4/4 - f**2 - f - 247. Give i(-1).
-74
Suppose 2*p + 1 + 7 = j, 0 = -3*j + 5*p + 25. Let k(z) = 2*z + j - 20*z + 6*z + 9*z. Give k(4).
-2
Suppose 34*g = -20*g + 12*g + 126. Let q(w) be the second derivative of 1/6*w**g - 1/12*w**4 + 2*w**2 - w + 0. Calculate q(3).
-2
Let q(o) = -o**2 + 4*o + 5. Let k be (-67)/(-23) - (3 - (-142)/(-46)). Let v be 6 + -1 + 0 + -2. Suppose 9 + k = v*y. What is q(y)?
5
Let v(i) be the first derivative of 10*i + 50 + 1/2*i**2. Calculate v(7).
17
Suppose n = 2*m + 3*n - 14, -m + 4*n + 17 = 0. Let v(r) = 11*r - m*r + 7 + 3*r - 6*r. Determine v(11).
-4
Let a(t) = -t**3 + 3*t**2 - 2*t - 3. Suppose -2*y - 3*c + 6*c + 22 = 0, -5*y + 2*c + 66 = 0. Suppose -y*u = -25*u + 33. Determine a(u).
-9
Suppose 0*t = 2*t + 10. Let b(k) be the first derivative of -1/3*k**3 - k + 45 - 5/2*k**2. What is b(t)?
-1
Let z(m) = -7*m - 7. Let k(g) be the second derivative of -g**3/3 - g - 21. Let t(w) = -6*k(w) + 2*z(w). Give t(-7).
0
Let v = 1319 + -1323. Let c(k) = -8*k + 8*k**2 - 6*k**2 - 8*k + k**3 + 2 + 11*k. What is c(v)?
-10
Let h(i) = -i - 8. Let y(j) = -4*j - 36. Let o be (43 + 5)/3 + (2 - 1). Let s be y(o). Let x = 93 + s. Give h(x).
3
Let f(h) = -h**2 - 14*h + 3. Suppose -406*j + 411*j = -70. Give f(j).
3
Let a(x) = -4*x**2 - 12*x + 5. Let q be (-498)/162 + 2/27. Let b be a(q). Let p(y) = -y**3 + 6*y**2 - 2*y - 12. Calculate p(b).
3
Let g(o) = 0 + o + 0*o - o**3 + 0 + 4. Suppose 0 - 35 = 5*y - 3*j, 2*y = -5*j + 17. Let r be y/2 - (1 + (-3 - 0)). Determine g(r).
4
Let o(j) = -j**3 - j**2 - 5*j + 4. Suppose 5*w - 3*t = -3, 5*w - 5*t + 22 = 7. Give o(w).
-47
Let x(o) = 23*o**2 - 38*o + 100. Let z(b) = 7*b**2 - 13*b + 32. Let t(f) = -6*x(f) + 19*z(f). Determine t(-5).
-22
Let o(v) = v**2 + v - 3. Suppose 3*p - 4 - 2 = 0. Suppose -55 = -5*l + 3*f + p*f, -l + 1 = f. Suppose q + l = -q. Calculate o(q).
3
Let x(n) be the second derivative of 15/2*n**2 - 27 + 2*n - 1/3*n**3. Calculate x(5).
5
Suppose 38*z = 111 - 35. Let a(v) = -46 + 47 - z*v + 2*v + 4*v. Determine a(-4).
-15
Suppose -3*r - 5*g = -249, -5*r + 342 + 73 = -g. Let p(j) = 243*j - 80*j - r*j - 79*j - 13. What is p(12)?
-1
Let y be 0/(-3 - (-6)/3). Let p be 480/84 - ((-4)/14 - y). Let l(n) = -p*n + 0*n + 15*n + 8 + n**2. What is l(-7)?
-6
Let p = 977 + -478. Let i(v) = 8*v**2 - p*v**3 + 4*v + 500*v**3 - 8 + 3*v. Determine i(-7).
-8
Let k = -615 + 611. Let q(a) = 2*a + 116*a**3 - 2 - 231*a**3 + 4*a**2 + 116*a**3. Determine q(k).
-10
Let n(a) = 11*a**2 + 3*a - 8. Let m(f) = 5*f**2 + 2*f - 4. Let r(l) = 13*m(l) - 6*n(l). Let q be 1015/174 - (-14)/84. Calculate r(q).
8
Let j(k) = -13*k + 8. Let v(c) = 35*c - 23. Let t(s) = -17*j(s) - 6*v(s). Let f(p) = 21*p + 3. Let m(q) = 3*f(q) - 5*t(q). Determine m(-4).
-33
Let k(v) = -v - 1. Let c(z) = -z**2 + 2*z + 3. Let g(x) = c(x) + 2*k(x). Suppose 3*r + j - 3 = 0, -5*r + 3*j + 6 = -13. Give g(r).
-3
Let q(x) = -26*x + 38*x - 11819 - 27*x + 11818 - x**2. Let c be (-8)/4 + (-13)/1. What is q(c)?
-1
Let m(p) = -27270*p + 1 + 15*p**2 - 12*p**2 + 27269*p. Let y = -4 + 7. What is m(y)?
25
Let i(d) = -d**3 - 4*d**2 + 6*d + 4. Let q(c) = 3*c. Let z be q(-1). Let x be 5/(-6)*z*6/(-3). Determine i(x).
-1
Let r(l) = l**3 - 4*l**2 - 3*l - 14. Let t(h) = -104*h - 1971. Let z be t(-19). What is r(z)?
-4
Let z(w) = 5*w**2 - 235*w + 11. Let c be z(47). Let n(v) = -v**3 + 12*v**2 - 8*v - 27. Determine n(c).
6
Let d(s) = -10*s - 61. Suppose -1415 = 33*g - 1184. Determine d(g).
9
Suppose 0 = -0*f + 3*f - 9. Let l(w) = w - 9. Let j(n) = n - 10. Let q(r) = -2*r + 20. Let g(u) = 7*j(u) + 3*q(u). Let m(z) = 5*g(z) - 6*l(z). Give m(f).
1
Let q(k) = -k**3 - k**2 + 4*k + 6. Suppose 3*r = 0, -5*a - 12 = -5*r + 3. Determine q(a).
12
Let z be 84/(-9)*3*1/(-7). Let b(v) be the second derivative of -1/20*v**5 + 0 - 10*v - 7/12*v**z + 9/2*v**2 + 1/3*v**3. Calculate b(-7).
-5
Let x = 8 - -18. Let a be (-1)/3 - 0 - x/(-6). Suppose -a*b + 0 + 4 = 0. Let j(g) = 10*g**3 - 2*g**2 + 2*g - 1. What is j(b)?
9
Let n = -4 + 110. Let q = -111 + n. Let h(r) = r**3 + 4*r**2 - 5*r - 3. Give h(q).
-3
Let w(i) = -10*i**2 - 16*i - 16. Let j(c) = -3*c**2 - 5*c - 5. Let v be -6*(-3)/81 - 65/9. Let o(z) = v*j(z) + 2*w(z). Calculate o(-3).
3
Suppose 2*l - 2*o = 4, 2*l + o + 0 = 16. Suppose -4*w + 3*i = -19, 3*w + i = 2*i + 18. Let h(b) = -w - 3 + l - b. Calculate h(0).
-4
Let u(v) = v**2 + 1. Suppose 0*c = -28*c + 28. Let d(q) = -q**2 + 1 + 6*q + 0 + 4. Let j(x) = c*d(x) + 2*u(x). What is j(-5)?
2
Let i be (-2)/(-26) - 7725/(-975). Let q(t) = t**2 - 9*t - 13. Give q(i).
-21
Let q(d) be the second derivative of d**4/12 - 8*d**3/3 - 94*d**2 - 1102*d. Calculate q(-8).
4
Let t(h) be the second derivative of -13*h**3/6 - 16*h**2 - 4029*h. Give t(-5).
33
Let d(m) = m + 93. Let l be d(13). Let x = 114 - l. Let i(f) be the first derivative of f**4/4 - 7*f**3/3 - 7*f**2/2 - 9*f + 1. Give i(x).
-1
Let k(c) be the second derivative of 5/12*c**4 - 97*c + 0 + 1/20*c**5 - 11/2*c**2 - 3/2*c**3. Calculate k(-6).
7
Let g(x) = -3*x - 1. Let n(m) = -10*m + 15. Let o be n(2). Let l be ((-6)/o - 2)/(20/(-50)). Give g(l).
-7
Let v(g) = 9*g**2 - 6*g - 3. Let s(z) = 4 - 3 - 33*z + 34*z. Let k(b) = -14*b**2 + 6*b + 2. Let t